{"id":527,"date":"2023-03-08T13:57:28","date_gmt":"2023-03-08T13:57:28","guid":{"rendered":"https:\/\/ple117.poznan.pl\/?page_id=527"},"modified":"2025-02-25T14:27:55","modified_gmt":"2025-02-25T14:27:55","slug":"jezyk-angielski","status":"publish","type":"page","link":"https:\/\/ple117.poznan.pl\/?page_id=527","title":{"rendered":"J\u0119zyk angielski"},"content":{"rendered":"\n<figure class=\"wp-block-gallery has-nested-images columns-default is-cropped wp-block-gallery-1 is-layout-flex wp-block-gallery-is-layout-flex\">\n<figure class=\"wp-block-image size-large\"><a href=\"https:\/\/dwujezycznedzieci.pl\/\" target=\"_blank\" rel=\"noreferrer noopener\"><img fetchpriority=\"high\" decoding=\"async\" width=\"770\" height=\"1024\" data-id=\"1601\" src=\"https:\/\/ple117.poznan.pl\/wp-content\/uploads\/2024\/01\/bilingual-future-logo-placowka-partnerska-PL-770x1024.png\" alt=\"\" class=\"wp-image-1601\" srcset=\"https:\/\/ple117.poznan.pl\/wp-content\/uploads\/2024\/01\/bilingual-future-logo-placowka-partnerska-PL-770x1024.png 770w, https:\/\/ple117.poznan.pl\/wp-content\/uploads\/2024\/01\/bilingual-future-logo-placowka-partnerska-PL-226x300.png 226w, https:\/\/ple117.poznan.pl\/wp-content\/uploads\/2024\/01\/bilingual-future-logo-placowka-partnerska-PL-768x1021.png 768w, https:\/\/ple117.poznan.pl\/wp-content\/uploads\/2024\/01\/bilingual-future-logo-placowka-partnerska-PL-1155x1536.png 1155w, https:\/\/ple117.poznan.pl\/wp-content\/uploads\/2024\/01\/bilingual-future-logo-placowka-partnerska-PL.png 1500w\" sizes=\"(max-width: 770px) 100vw, 770px\" \/><\/a><\/figure>\n<\/figure>\n\n\n\n<figure class=\"wp-block-image size-large\"><a href=\"https:\/\/yellowhouseenglish.com\/\"><img decoding=\"async\" width=\"1024\" height=\"738\" src=\"https:\/\/ple117.poznan.pl\/wp-content\/uploads\/2024\/01\/YHE-partner-merytoryczny-logo-2023-2-1024x738.jpg\" alt=\"\" class=\"wp-image-1606\" srcset=\"https:\/\/ple117.poznan.pl\/wp-content\/uploads\/2024\/01\/YHE-partner-merytoryczny-logo-2023-2-1024x738.jpg 1024w, https:\/\/ple117.poznan.pl\/wp-content\/uploads\/2024\/01\/YHE-partner-merytoryczny-logo-2023-2-300x216.jpg 300w, https:\/\/ple117.poznan.pl\/wp-content\/uploads\/2024\/01\/YHE-partner-merytoryczny-logo-2023-2-768x553.jpg 768w, https:\/\/ple117.poznan.pl\/wp-content\/uploads\/2024\/01\/YHE-partner-merytoryczny-logo-2023-2-1536x1107.jpg 1536w, https:\/\/ple117.poznan.pl\/wp-content\/uploads\/2024\/01\/YHE-partner-merytoryczny-logo-2023-2.jpg 1994w\" sizes=\"(max-width: 1024px) 100vw, 1024px\" \/><\/a><\/figure>\n\n\n\n<div data-wp-interactive=\"core\/file\" class=\"wp-block-file\"><object data-wp-bind--hidden=\"!state.hasPdfPreview\"  class=\"wp-block-file__embed\" data=\"https:\/\/ple117.poznan.pl\/wp-content\/uploads\/2025\/02\/Certyfikat-233.2024-Przedszkole-nr-117-im.-Czecha.pdf\" type=\"application\/pdf\" style=\"width:100%;height:600px\" aria-label=\"Osadzone z Certyfikat-233.2024-Przedszkole-nr-117-im.-Czecha.\"><\/object><a id=\"wp-block-file--media-fb018b6b-2097-48af-8c4e-f3d7d8401f1e\" href=\"https:\/\/ple117.poznan.pl\/wp-content\/uploads\/2025\/02\/Certyfikat-233.2024-Przedszkole-nr-117-im.-Czecha.pdf\">Certyfikat-233.2024-Przedszkole-nr-117-im.-Czecha<\/a><a href=\"https:\/\/ple117.poznan.pl\/wp-content\/uploads\/2025\/02\/Certyfikat-233.2024-Przedszkole-nr-117-im.-Czecha.pdf\" class=\"wp-block-file__button wp-element-button\" download aria-describedby=\"wp-block-file--media-fb018b6b-2097-48af-8c4e-f3d7d8401f1e\">Pobierz<\/a><\/div>\n\n\n\n<figure class=\"wp-block-image size-large\"><img decoding=\"async\" width=\"1024\" height=\"687\" src=\"https:\/\/ple117.poznan.pl\/wp-content\/uploads\/2024\/01\/O-Programie-jpg-1024x687.jpg\" alt=\"\" class=\"wp-image-1604\" srcset=\"https:\/\/ple117.poznan.pl\/wp-content\/uploads\/2024\/01\/O-Programie-jpg-1024x687.jpg 1024w, https:\/\/ple117.poznan.pl\/wp-content\/uploads\/2024\/01\/O-Programie-jpg-300x201.jpg 300w, https:\/\/ple117.poznan.pl\/wp-content\/uploads\/2024\/01\/O-Programie-jpg-768x515.jpg 768w, https:\/\/ple117.poznan.pl\/wp-content\/uploads\/2024\/01\/O-Programie-jpg-1536x1030.jpg 1536w, https:\/\/ple117.poznan.pl\/wp-content\/uploads\/2024\/01\/O-Programie-jpg.jpg 1920w\" sizes=\"(max-width: 1024px) 100vw, 1024px\" \/><\/figure>\n\n\n\n<pre class=\"wp-block-verse has-text-align-left\">CEL\nZasadniczym  celem  Programu  jest  codzienne,  kontekstowe os\u0142uchiwanie dzieci z j\u0119zykiem angielskim w okresie szczeg\u00f3lnej wra\u017cliwo\u015bci j\u0119zykowej (0-6) tak,  \u017ceby  angielski nigdy nie sta\u0142 si\u0119 dla nich j\u0119zykiem obcym. W ten spos\u00f3b w\u0142a\u015bnie dziecko naturalnie - czyli na tych  samych zasadach jak pierwszy - nabywa drugi j\u0119zyk. Dwuj\u0119zyczno\u015b\u0107  to cel,  kt\u00f3ry  rozumiemy  zar\u00f3wno indywidualnie \u2013 jako inwestycj\u0119 tu i teraz w  rozw\u00f3j  ka\u017cdego  dziecka,  jak i spo\u0142ecznie \u2013 jako  nowej  jako\u015bci  fundament  dla  polskiej  gospodarki, ekonomii i polityki spo\u0142ecznej.\n\nKORZY\u015aCI\nPr\u00f3cz  samych  umiej\u0119tno\u015bci  j\u0119zykowych  dwuj\u0119zyczno\u015b\u0107  wi\u0105\u017ce  si\u0119  z  licznymi  korzy\u015bciami dla intelektu, psychiki i zdrowia  dziecka.  M\u00f3zg  otrzymuje zdrow\u0105  dawk\u0119  treningu, a przy tym wiedz\u0119  i  umiej\u0119tno\u015bci, kt\u00f3re na tym etapie rozwoju utrwalaj\u0105 si\u0119 nadzwyczaj szybko i efektywnie.\nBilingwizm  m. in. poprawia koncentracj\u0119, wp\u0142ywa na lepsz\u0105 podzielno\u015b\u0107 uwagi oraz pami\u0119\u0107 (semantyczn\u0105 i epizodyczn\u0105), pog\u0142\u0119bia wra\u017cliwo\u015b\u0107 kulturow\u0105 i spo\u0142eczn\u0105, rozwija zdolno\u015bci analityczne i empatyczne. Dwuj\u0119zyczne  dzieci,  a p\u00f3\u017aniej  doro\u015bli osi\u0105gaj\u0105 lepsze wyniki w nauce, maj\u0105 wi\u0119ksze mo\u017cliwo\u015bci adaptacji spo\u0142ecznej i kulturowej. Cechuje  ich  wy\u017csza pozycja spo\u0142eczna i materialna oraz \u2013 co chyba najwa\u017cniejsze \u2013 lepsze  zdrowie.  Warto  podkre\u015bli\u0107,  i\u017c  dwuj\u0119zyczno\u015b\u0107  op\u00f3\u017ania  o 5-6  lat  skutki  chor\u00f3b  Alzheimera i Parkinsona.\n<\/pre>\n\n\n\n<div class=\"wp-block-file\"><a id=\"wp-block-file--media-f2320b65-1894-4e42-9ad3-1d9b1d96b4f3\" href=\"https:\/\/ple117.poznan.pl\/wp-content\/uploads\/2024\/01\/Certyfikat-Dwujezyczne-Dzieci-nr-441.2023-Przedszkole-nr-117-im.-Czecha.pdf\">Certyfikat-Dwujezyczne-Dzieci-nr-441.2023-Przedszkole-nr-117-im.-Czecha<\/a><a href=\"https:\/\/ple117.poznan.pl\/wp-content\/uploads\/2024\/01\/Certyfikat-Dwujezyczne-Dzieci-nr-441.2023-Przedszkole-nr-117-im.-Czecha.pdf\" class=\"wp-block-file__button wp-element-button\" download aria-describedby=\"wp-block-file--media-f2320b65-1894-4e42-9ad3-1d9b1d96b4f3\">Pobierz<\/a><\/div>\n","protected":false},"excerpt":{"rendered":"<p>CEL Zasadniczym celem Programu jest codzienne, kontekstowe os\u0142uchiwanie dzieci z j\u0119zykiem angielskim w okresie szczeg\u00f3lnej wra\u017cliwo\u015bci j\u0119zykowej (0-6) tak, \u017ceby angielski nigdy nie sta\u0142 si\u0119 dla nich j\u0119zykiem obcym. W ten spos\u00f3b w\u0142a\u015bnie dziecko naturalnie &#8211; czyli na tych samych zasadach jak pierwszy &#8211; nabywa drugi j\u0119zyk. Dwuj\u0119zyczno\u015b\u0107 to cel, kt\u00f3ry rozumiemy zar\u00f3wno indywidualnie \u2013 [&hellip;]<\/p>\n","protected":false},"author":2,"featured_media":0,"parent":0,"menu_order":0,"comment_status":"closed","ping_status":"closed","template":"","meta":{"footnotes":""},"_links":{"self":[{"href":"https:\/\/ple117.poznan.pl\/index.php?rest_route=\/wp\/v2\/pages\/527"}],"collection":[{"href":"https:\/\/ple117.poznan.pl\/index.php?rest_route=\/wp\/v2\/pages"}],"about":[{"href":"https:\/\/ple117.poznan.pl\/index.php?rest_route=\/wp\/v2\/types\/page"}],"author":[{"embeddable":true,"href":"https:\/\/ple117.poznan.pl\/index.php?rest_route=\/wp\/v2\/users\/2"}],"replies":[{"embeddable":true,"href":"https:\/\/ple117.poznan.pl\/index.php?rest_route=%2Fwp%2Fv2%2Fcomments&post=527"}],"version-history":[{"count":6,"href":"https:\/\/ple117.poznan.pl\/index.php?rest_route=\/wp\/v2\/pages\/527\/revisions"}],"predecessor-version":[{"id":3501,"href":"https:\/\/ple117.poznan.pl\/index.php?rest_route=\/wp\/v2\/pages\/527\/revisions\/3501"}],"wp:attachment":[{"href":"https:\/\/ple117.poznan.pl\/index.php?rest_route=%2Fwp%2Fv2%2Fmedia&parent=527"}],"curies":[{"name":"wp","href":"https:\/\/api.w.org\/{rel}","templated":true}]}}

Język angielski

<figure class="wp-block-gallery has-nested-images columns-default is-cropped wp-block-gallery-1 is-layout-flex wp-block-gallery-is-layout-flex">
<figure class="wp-block-image size-large"><a href="https://dwujezycznedzieci.pl/" target="_blank" rel="noreferrer noopener"><img fetchpriority="high" decoding="async" width="770" height="1024" data-id="1601" src="https://ple117.poznan.pl/wp-content/uploads/2024/01/bilingual-future-logo-placowka-partnerska-PL-770x1024.png" alt="" class="wp-image-1601" srcset="https://ple117.poznan.pl/wp-content/uploads/2024/01/bilingual-future-logo-placowka-partnerska-PL-770x1024.png 770w, https://ple117.poznan.pl/wp-content/uploads/2024/01/bilingual-future-logo-placowka-partnerska-PL-226x300.png 226w, https://ple117.poznan.pl/wp-content/uploads/2024/01/bilingual-future-logo-placowka-partnerska-PL-768x1021.png 768w, https://ple117.poznan.pl/wp-content/uploads/2024/01/bilingual-future-logo-placowka-partnerska-PL-1155x1536.png 1155w, https://ple117.poznan.pl/wp-content/uploads/2024/01/bilingual-future-logo-placowka-partnerska-PL.png 1500w" sizes="(max-width: 770px) 100vw, 770px" /></a></figure>
</figure>



<figure class="wp-block-image size-large"><a href="https://yellowhouseenglish.com/"><img decoding="async" width="1024" height="738" src="https://ple117.poznan.pl/wp-content/uploads/2024/01/YHE-partner-merytoryczny-logo-2023-2-1024x738.jpg" alt="" class="wp-image-1606" srcset="https://ple117.poznan.pl/wp-content/uploads/2024/01/YHE-partner-merytoryczny-logo-2023-2-1024x738.jpg 1024w, https://ple117.poznan.pl/wp-content/uploads/2024/01/YHE-partner-merytoryczny-logo-2023-2-300x216.jpg 300w, https://ple117.poznan.pl/wp-content/uploads/2024/01/YHE-partner-merytoryczny-logo-2023-2-768x553.jpg 768w, https://ple117.poznan.pl/wp-content/uploads/2024/01/YHE-partner-merytoryczny-logo-2023-2-1536x1107.jpg 1536w, https://ple117.poznan.pl/wp-content/uploads/2024/01/YHE-partner-merytoryczny-logo-2023-2.jpg 1994w" sizes="(max-width: 1024px) 100vw, 1024px" /></a></figure>



<div data-wp-interactive="core/file" class="wp-block-file"><object data-wp-bind--hidden="!state.hasPdfPreview"  class="wp-block-file__embed" data="https://ple117.poznan.pl/wp-content/uploads/2025/02/Certyfikat-233.2024-Przedszkole-nr-117-im.-Czecha.pdf" type="application/pdf" style="width:100%;height:600px" aria-label="Osadzone z Certyfikat-233.2024-Przedszkole-nr-117-im.-Czecha."></object><a id="wp-block-file--media-fb018b6b-2097-48af-8c4e-f3d7d8401f1e" href="https://ple117.poznan.pl/wp-content/uploads/2025/02/Certyfikat-233.2024-Przedszkole-nr-117-im.-Czecha.pdf">Certyfikat-233.2024-Przedszkole-nr-117-im.-Czecha</a><a href="https://ple117.poznan.pl/wp-content/uploads/2025/02/Certyfikat-233.2024-Przedszkole-nr-117-im.-Czecha.pdf" class="wp-block-file__button wp-element-button" download aria-describedby="wp-block-file--media-fb018b6b-2097-48af-8c4e-f3d7d8401f1e">Pobierz</a></div>



<figure class="wp-block-image size-large"><img decoding="async" width="1024" height="687" src="https://ple117.poznan.pl/wp-content/uploads/2024/01/O-Programie-jpg-1024x687.jpg" alt="" class="wp-image-1604" srcset="https://ple117.poznan.pl/wp-content/uploads/2024/01/O-Programie-jpg-1024x687.jpg 1024w, https://ple117.poznan.pl/wp-content/uploads/2024/01/O-Programie-jpg-300x201.jpg 300w, https://ple117.poznan.pl/wp-content/uploads/2024/01/O-Programie-jpg-768x515.jpg 768w, https://ple117.poznan.pl/wp-content/uploads/2024/01/O-Programie-jpg-1536x1030.jpg 1536w, https://ple117.poznan.pl/wp-content/uploads/2024/01/O-Programie-jpg.jpg 1920w" sizes="(max-width: 1024px) 100vw, 1024px" /></figure>



<pre class="wp-block-verse has-text-align-left">CEL
Zasadniczym  celem  Programu  jest  codzienne,  kontekstowe osłuchiwanie dzieci z językiem angielskim w okresie szczególnej wrażliwości językowej (0-6) tak,  żeby  angielski nigdy nie stał się dla nich językiem obcym. W ten sposób właśnie dziecko naturalnie - czyli na tych  samych zasadach jak pierwszy - nabywa drugi język. Dwujęzyczność  to cel,  który  rozumiemy  zarówno indywidualnie – jako inwestycję tu i teraz w  rozwój  każdego  dziecka,  jak i społecznie – jako  nowej  jakości  fundament  dla  polskiej  gospodarki, ekonomii i polityki społecznej.

KORZYŚCI
Prócz  samych  umiejętności  językowych  dwujęzyczność  wiąże  się  z  licznymi  korzyściami dla intelektu, psychiki i zdrowia  dziecka.  Mózg  otrzymuje zdrową  dawkę  treningu, a przy tym wiedzę  i  umiejętności, które na tym etapie rozwoju utrwalają się nadzwyczaj szybko i efektywnie.
Bilingwizm  m. in. poprawia koncentrację, wpływa na lepszą podzielność uwagi oraz pamięć (semantyczną i epizodyczną), pogłębia wrażliwość kulturową i społeczną, rozwija zdolności analityczne i empatyczne. Dwujęzyczne  dzieci,  a później  dorośli osiągają lepsze wyniki w nauce, mają większe możliwości adaptacji społecznej i kulturowej. Cechuje  ich  wyższa pozycja społeczna i materialna oraz – co chyba najważniejsze – lepsze  zdrowie.  Warto  podkreślić,  iż  dwujęzyczność  opóźnia  o 5-6  lat  skutki  chorób  Alzheimera i Parkinsona.
</pre>



<div class="wp-block-file"><a id="wp-block-file--media-f2320b65-1894-4e42-9ad3-1d9b1d96b4f3" href="https://ple117.poznan.pl/wp-content/uploads/2024/01/Certyfikat-Dwujezyczne-Dzieci-nr-441.2023-Przedszkole-nr-117-im.-Czecha.pdf">Certyfikat-Dwujezyczne-Dzieci-nr-441.2023-Przedszkole-nr-117-im.-Czecha</a><a href="https://ple117.poznan.pl/wp-content/uploads/2024/01/Certyfikat-Dwujezyczne-Dzieci-nr-441.2023-Przedszkole-nr-117-im.-Czecha.pdf" class="wp-block-file__button wp-element-button" download aria-describedby="wp-block-file--media-f2320b65-1894-4e42-9ad3-1d9b1d96b4f3">Pobierz</a></div>

<p>CEL Zasadniczym celem Programu jest codzienne, kontekstowe osłuchiwanie dzieci z językiem angielskim w okresie szczególnej wrażliwości językowej (0-6) tak, żeby angielski nigdy nie stał się dla nich językiem obcym. W ten sposób właśnie dziecko naturalnie &#8211; czyli na tych samych zasadach jak pierwszy &#8211; nabywa drugi język. Dwujęzyczność to cel, który rozumiemy zarówno indywidualnie – [&hellip;]</p>
