{"id":26,"date":"2022-11-13T12:59:21","date_gmt":"2022-11-13T12:59:21","guid":{"rendered":"https:\/\/ple117.poznan.pl\/?page_id=26"},"modified":"2026-08-18T11:32:06","modified_gmt":"2026-08-18T11:32:06","slug":"rodo","status":"publish","type":"page","link":"https:\/\/ple117.poznan.pl\/?page_id=26","title":{"rendered":"RODO"},"content":{"rendered":"\n<p>Inspektor Ochrony Danych Osobowych:&nbsp; <\/p>\n\n\n\n<p>p. Mi\u0142osz Czerniejewski,<\/p>\n\n\n\n<p>e-mail: iod_mjo@um.poznan.pl<\/p>\n\n\n\n<p>Zast\u0119pca: Anna Kwieci\u0144ska,&nbsp;<\/p>\n\n\n\n<p>e-mail: iod_mjo@um.poznan.pl<\/p>\n\n\n\n<div class=\"wp-block-file\"><a id=\"wp-block-file--media-5fb75f97-056f-4616-9a5f-87b926511f28\" href=\"https:\/\/ple117.poznan.pl\/wp-content\/uploads\/2026\/08\/1_Przedszkole_klauzula-informacyjna_ogolna.docx\">1_Przedszkole_klauzula-informacyjna_ogolna<\/a><a href=\"https:\/\/ple117.poznan.pl\/wp-content\/uploads\/2026\/08\/1_Przedszkole_klauzula-informacyjna_ogolna.docx\" class=\"wp-block-file__button wp-element-button\" download aria-describedby=\"wp-block-file--media-5fb75f97-056f-4616-9a5f-87b926511f28\">Pobierz<\/a><\/div>\n\n\n\n<div class=\"wp-block-file\"><a id=\"wp-block-file--media-741b8b6e-6a33-4547-8e6c-db2d629fb478\" href=\"https:\/\/ple117.poznan.pl\/wp-content\/uploads\/2026\/08\/5B_Przedszkole_wizerunek-dziecka-i-rodzica_-wersja-rozszerzona.docx\">5B_Przedszkole_wizerunek-dziecka-i-rodzica_-wersja-rozszerzona<\/a><a href=\"https:\/\/ple117.poznan.pl\/wp-content\/uploads\/2026\/08\/5B_Przedszkole_wizerunek-dziecka-i-rodzica_-wersja-rozszerzona.docx\" class=\"wp-block-file__button wp-element-button\" download aria-describedby=\"wp-block-file--media-741b8b6e-6a33-4547-8e6c-db2d629fb478\">Pobierz<\/a><\/div>\n\n\n\n<div class=\"wp-block-file\"><a id=\"wp-block-file--media-c2ee8552-42b8-4ddc-aa6d-894b1fc87b2a\" href=\"https:\/\/ple117.poznan.pl\/wp-content\/uploads\/2026\/08\/klauzula-informacyjna-kontrahenci-2026-06.docx\">klauzula-informacyjna-kontrahenci-2026-06<\/a><a href=\"https:\/\/ple117.poznan.pl\/wp-content\/uploads\/2026\/08\/klauzula-informacyjna-kontrahenci-2026-06.docx\" class=\"wp-block-file__button wp-element-button\" download aria-describedby=\"wp-block-file--media-c2ee8552-42b8-4ddc-aa6d-894b1fc87b2a\">Pobierz<\/a><\/div>\n\n\n\n<div class=\"wp-block-file\"><a id=\"wp-block-file--media-52022b02-e63f-4c55-9b52-bcf378e9c14d\" href=\"https:\/\/ple117.poznan.pl\/wp-content\/uploads\/2026\/08\/1_przedszkole_klauzula-informacyjna_rekrutacja.docx\">1_przedszkole_klauzula-informacyjna_rekrutacja<\/a><a href=\"https:\/\/ple117.poznan.pl\/wp-content\/uploads\/2026\/08\/1_przedszkole_klauzula-informacyjna_rekrutacja.docx\" class=\"wp-block-file__button wp-element-button\" download aria-describedby=\"wp-block-file--media-52022b02-e63f-4c55-9b52-bcf378e9c14d\">Pobierz<\/a><\/div>\n","protected":false},"excerpt":{"rendered":"<p>Inspektor Ochrony Danych Osobowych:&nbsp; p. Mi\u0142osz Czerniejewski, e-mail: iod_mjo@um.poznan.pl Zast\u0119pca: Anna Kwieci\u0144ska,&nbsp; e-mail: iod_mjo@um.poznan.pl<\/p>\n","protected":false},"author":1,"featured_media":0,"parent":0,"menu_order":0,"comment_status":"closed","ping_status":"closed","template":"","meta":{"footnotes":""},"_links":{"self":[{"href":"https:\/\/ple117.poznan.pl\/index.php?rest_route=\/wp\/v2\/pages\/26"}],"collection":[{"href":"https:\/\/ple117.poznan.pl\/index.php?rest_route=\/wp\/v2\/pages"}],"about":[{"href":"https:\/\/ple117.poznan.pl\/index.php?rest_route=\/wp\/v2\/types\/page"}],"author":[{"embeddable":true,"href":"https:\/\/ple117.poznan.pl\/index.php?rest_route=\/wp\/v2\/users\/1"}],"replies":[{"embeddable":true,"href":"https:\/\/ple117.poznan.pl\/index.php?rest_route=%2Fwp%2Fv2%2Fcomments&post=26"}],"version-history":[{"count":11,"href":"https:\/\/ple117.poznan.pl\/index.php?rest_route=\/wp\/v2\/pages\/26\/revisions"}],"predecessor-version":[{"id":5295,"href":"https:\/\/ple117.poznan.pl\/index.php?rest_route=\/wp\/v2\/pages\/26\/revisions\/5295"}],"wp:attachment":[{"href":"https:\/\/ple117.poznan.pl\/index.php?rest_route=%2Fwp%2Fv2%2Fmedia&parent=26"}],"curies":[{"name":"wp","href":"https:\/\/api.w.org\/{rel}","templated":true}]}}

<p>Inspektor Ochrony Danych Osobowych:&nbsp; </p>



<p>p. Miłosz Czerniejewski,</p>



<p>e-mail: iod_mjo@um.poznan.pl</p>



<p>Zastępca: Anna Kwiecińska,&nbsp;</p>



<p>e-mail: iod_mjo@um.poznan.pl</p>



<div class="wp-block-file"><a id="wp-block-file--media-5fb75f97-056f-4616-9a5f-87b926511f28" href="https://ple117.poznan.pl/wp-content/uploads/2026/08/1_Przedszkole_klauzula-informacyjna_ogolna.docx">1_Przedszkole_klauzula-informacyjna_ogolna</a><a href="https://ple117.poznan.pl/wp-content/uploads/2026/08/1_Przedszkole_klauzula-informacyjna_ogolna.docx" class="wp-block-file__button wp-element-button" download aria-describedby="wp-block-file--media-5fb75f97-056f-4616-9a5f-87b926511f28">Pobierz</a></div>



<div class="wp-block-file"><a id="wp-block-file--media-741b8b6e-6a33-4547-8e6c-db2d629fb478" href="https://ple117.poznan.pl/wp-content/uploads/2026/08/5B_Przedszkole_wizerunek-dziecka-i-rodzica_-wersja-rozszerzona.docx">5B_Przedszkole_wizerunek-dziecka-i-rodzica_-wersja-rozszerzona</a><a href="https://ple117.poznan.pl/wp-content/uploads/2026/08/5B_Przedszkole_wizerunek-dziecka-i-rodzica_-wersja-rozszerzona.docx" class="wp-block-file__button wp-element-button" download aria-describedby="wp-block-file--media-741b8b6e-6a33-4547-8e6c-db2d629fb478">Pobierz</a></div>



<div class="wp-block-file"><a id="wp-block-file--media-c2ee8552-42b8-4ddc-aa6d-894b1fc87b2a" href="https://ple117.poznan.pl/wp-content/uploads/2026/08/klauzula-informacyjna-kontrahenci-2026-06.docx">klauzula-informacyjna-kontrahenci-2026-06</a><a href="https://ple117.poznan.pl/wp-content/uploads/2026/08/klauzula-informacyjna-kontrahenci-2026-06.docx" class="wp-block-file__button wp-element-button" download aria-describedby="wp-block-file--media-c2ee8552-42b8-4ddc-aa6d-894b1fc87b2a">Pobierz</a></div>



<div class="wp-block-file"><a id="wp-block-file--media-52022b02-e63f-4c55-9b52-bcf378e9c14d" href="https://ple117.poznan.pl/wp-content/uploads/2026/08/1_przedszkole_klauzula-informacyjna_rekrutacja.docx">1_przedszkole_klauzula-informacyjna_rekrutacja</a><a href="https://ple117.poznan.pl/wp-content/uploads/2026/08/1_przedszkole_klauzula-informacyjna_rekrutacja.docx" class="wp-block-file__button wp-element-button" download aria-describedby="wp-block-file--media-52022b02-e63f-4c55-9b52-bcf378e9c14d">Pobierz</a></div>

<p>Inspektor Ochrony Danych Osobowych:&nbsp; p. Miłosz Czerniejewski, e-mail: iod_mjo@um.poznan.pl Zastępca: Anna Kwiecińska,&nbsp; e-mail: iod_mjo@um.poznan.pl</p>
